s the highest common divisor of 260 and 715?
65
What is the highest common factor of 3591 and 35?
7
What is the highest common divisor of 19710 and 120?
30
What is the highest common divisor of 64 and 592?
16
Calculate the highest common factor of 288 and 72.
72
What is the greatest common divisor of 16 and 752?
16
Calculate the greatest common factor of 160 and 256.
32
What is the greatest common factor of 1520 and 95?
95
Calculate the highest common divisor of 220 and 70.
10
What is the greatest common factor of 1032 and 24?
24
What is the greatest common divisor of 63 and 1449?
63
Calculate the highest common divisor of 209 and 33.
11
Calculate the greatest common factor of 11877 and 111.
111
Calculate the highest common factor of 43578 and 18.
18
What is the highest common divisor of 30831 and 129?
129
What is the highest common factor of 303 and 3?
3
What is the highest common factor of 188 and 41924?
188
Calculate the greatest common factor of 26 and 897.
13
Calculate the highest common divisor of 336 and 156.
12
Calculate the highest common factor of 70 and 12.
2
Calculate the greatest common factor of 16488 and 144.
72
What is the highest common divisor of 1362 and 6?
6
What is the greatest common divisor of 33 and 143?
11
Calculate the highest common factor of 72 and 684.
36
Calculate the greatest common factor of 6224 and 112.
16
Calculate the highest common factor of 288 and 40.
8
What is the highest common factor of 144 and 4392?
72
What is the greatest common divisor of 126 and 21336?
42
Calculate the greatest common factor of 4399 and 53.
53
What is the highest common factor of 14941 and 134?
67
Calculate the greatest common divisor of 2603 and 19.
19
What is the greatest common factor of 1155 and 15?
15
What is the greatest common factor of 888 and 72?
24
Calculate the highest common divisor of 1404 and 864.
108
Calculate the greatest common factor of 295 and 767.
59
What is the greatest common divisor of 51 and 27693?
51
What is the greatest common divisor of 913 and 88?
11
What is the greatest common factor of 11 and 1727?
11
Calculate the highest common factor of 8456 and 154.
14
Calculate the greatest common divisor of 6648 and 48.
24
Calculate the highest common factor of 112 and 476.
28
What is the highest common factor of 69 and 92?
23
Calculate the highest common divisor of 175 and 55.
5
Calculate the greatest common divisor of 54 and 62154.
54
Calculate the highest common divisor of 27 and 3537.
27
Calculate the greatest common divisor of 14120 and 80.
40
Calculate the highest common factor of 63 and 19677.
21
Calculate the highest common divisor of 12 and 32.
4
What is the highest common factor of 7668 and 108?
108
Calculate the highest common divisor of 1920 and 20.
20
What is the greatest common divisor of 35 and 469?
7
Calculate the highest common factor of 18 and 927.
9
Calculate the greatest common factor of 39570 and 30.
30
What is the greatest common factor of 48 and 456?
24
Calculate the highest common divisor of 441 and 9.
9
Calculate the highest common divisor of 182 and 1742.
26
Calculate the greatest common factor of 14 and 14378.
14
What is the highest common divisor of 325 and 273?
13
Calculate the highest common factor of 175 and 45.
5
What is the greatest common divisor of 7881 and 222?
111
Calculate the greatest common factor of 42 and 12.
6
Calculate the greatest common factor of 51 and 748.
17
What is the highest common factor of 136 and 13328?
136
What is the greatest common factor of 8 and 62?
2
Calculate the greatest common factor of 1632 and 51.
51
Calculate the greatest common factor of 77 and 308.
77
What is the highest common divisor of 3 and 73?
1
Calculate the highest common divisor of 3 and 83.
1
Calculate the greatest common divisor of 456 and 285.
57
What is the highest common factor of 4573 and 119?
17
What is the greatest common factor of 944 and 177?
59
What is the greatest common divisor of 11 and 44?
11
Calculate the greatest common divisor of 13 and 15431.
13
Calculate the highest common factor of 320 and 10.
10
Calculate the highest common divisor of 175 and 70.
35
Calculate the highest common factor of 3161 and 58.
29
Calculate the greatest common factor of 50 and 190.
10
Calculate the highest common factor of 36 and 54.
18
Calculate the highest common factor of 295 and 177.
59
What is the highest common divisor of 45 and 10?
5
What is the greatest common divisor of 3 and 1?
1
Calculate the greatest common factor of 17 and 272.
17
What is the highest common divisor of 190 and 247?
19
What is the greatest common divisor of 174 and 6?
6
What is the highest common divisor of 6180 and 60?
60
What is the greatest common divisor of 21 and 309?
3
What is the greatest common divisor of 67 and 10921?
67
Calculate the greatest common divisor of 9078 and 102.
102
What is the highest common divisor of 198 and 486?
18
What is the highest common factor of 7 and 175?
7
Calculate the greatest common factor of 387 and 657.
9
Calculate the highest common divisor of 36 and 300.
12
Calculate the highest common divisor of 95297 and 233.
233
What is the highest common divisor of 20 and 140?
20
Calculate the greatest common factor of 9 and 10431.
9
Calculate the greatest common factor of 18 and 6.
6
What is the greatest common factor of 207 and 198?
9
Calculate the highest common divisor of 1425 and 57.
57
Calculate the highest common divisor of 24 and 600.
24
What is the highest common factor of 11 and 1133?
11
What is the greatest common divisor of 140 and 60?
20
Calculate the greatest common divisor of 25 and 30.
5
Calculate the highest common factor of 1560 and 13.
13
Calculate the greatest common divisor of 24 and 384.
24
Calculate the highest common divisor of 1560 and 52.
52
Calculate the highest common factor of 1258 and 68.
34
Calculate the highest common divisor of 455 and 195.
65
What is the highest common divisor of 122 and 1891?
61
What is the highest common factor of 43497 and 729?
243
What is the highest common divisor of 18873 and 243?
81
What is the highest common factor of 68 and 4913?
17
What is the highest common factor of 4 and 452?
4
What is the greatest common divisor of 160 and 352?
32
Calculate the greatest common divisor of 86 and 3182.
86
What is the greatest common divisor of 7731 and 45?
9
What is the greatest common divisor of 14 and 42?
14
What is the highest common factor of 110 and 1298?
22
Calculate the highest common divisor of 3765 and 15.
15
What is the highest common factor of 99 and 9?
9
Calculate the greatest common factor of 1005 and 135.
15
What is the highest common divisor of 574 and 28?
14
What is the highest common factor of 160 and 112?
16
Calculate the highest common factor of 341 and 693.
11
What is the greatest common factor of 60 and 1980?
60
What is the greatest common factor of 372 and 132?
12
What is the greatest common factor of 1673 and 7?
7
What is the greatest common factor of 61 and 1769?
61
What is the highest common divisor of 128 and 6208?
64
What is the highest common factor of 901 and 17?
17
What is the highest common factor of 9 and 99?
9
What is the greatest common divisor of 96 and 352?
32
What is the highest common divisor of 11889 and 9?
9
What is the greatest common factor of 270 and 2790?
90
What is the greatest common divisor of 465 and 3875?
155
What is the greatest common factor of 48 and 36?
12
Calculate the greatest common factor of 2 and 86.
2
Calculate the greatest common divisor of 76 and 1938.
38
What is the highest common factor of 1175 and 50?
25
Calculate the highest common factor of 575 and 50.
25
Calculate the greatest common divisor of 184 and 13938.
46
What is the highest common divisor of 3773 and 49?
49
Calculate the greatest common factor of 1369 and 37.
37
What is the highest common factor of 135 and 195?
15
What is the highest common divisor of 7 and 287?
7
What is the greatest common factor of 15557 and 94?
47
What is the highest common factor of 12 and 68?
4
What is the greatest common divisor of 18 and 27774?
18
What is the greatest common divisor of 26 and 1157?
13
Calculate the highest common divisor of 44 and 60.
4
Calculate the highest common divisor of 884 and 286.
26
What is the greatest common divi